8604163 a composite number?
False
Is 35192137291 a prime number?
False
Is 1862759491 a composite number?
False
Is 1098764503 a prime number?
False
Is 679604183 a composite number?
True
Is 7814585315 prime?
False
Is 382337383 prime?
True
Is 23607013 prime?
True
Is 285245693 a composite number?
True
Is 1641328837 a composite number?
True
Is 23418504203 composite?
True
Is 667387073 a prime number?
True
Is 29090919745 a composite number?
True
Is 106971751 composite?
False
Is 196431679 a prime number?
True
Is 207131797 prime?
True
Is 2154129371 composite?
True
Is 2918799677 prime?
True
Is 14322688183 a prime number?
True
Is 232243981 a prime number?
False
Is 8249268287 a prime number?
False
Is 832325309 prime?
True
Is 22486928623 prime?
True
Is 15129067787 a composite number?
True
Is 29669466899 a prime number?
True
Is 995411141 a composite number?
True
Is 2291880581 a prime number?
True
Is 7994307669 a prime number?
False
Is 15497961103 prime?
True
Is 852654997 composite?
True
Is 2832784849 composite?
False
Is 110381605739 composite?
False
Is 26008704613 composite?
False
Is 484709725517 composite?
False
Is 57556519355 prime?
False
Is 6077744597 a prime number?
True
Is 15451447303 a prime number?
True
Is 2799429077 a prime number?
False
Is 5920729163 prime?
False
Is 379786711 a composite number?
True
Is 73876310751 a prime number?
False
Is 423397379 composite?
False
Is 2260316029 a prime number?
True
Is 1875706949 a composite number?
False
Is 1981342907 a prime number?
True
Is 315255574 a composite number?
True
Is 3914081533 prime?
True
Is 9046428493 a composite number?
False
Is 152001673 composite?
True
Is 1583749423 prime?
True
Is 15357477817 a prime number?
False
Is 10561393673 prime?
False
Is 2487691669 a prime number?
False
Is 3673759951 composite?
True
Is 5545435501 a composite number?
True
Is 14880203815 composite?
True
Is 5162880797 a prime number?
True
Is 3909503167 a prime number?
True
Is 3736737749 a composite number?
True
Is 105277010441 prime?
False
Is 142043831179 composite?
False
Is 187441241 prime?
False
Is 789826073 a composite number?
False
Is 741986897 composite?
False
Is 518917219 prime?
False
Is 3212855339 a prime number?
True
Is 1085581883 a prime number?
True
Is 154142691 composite?
True
Is 2139142387 a prime number?
True
Is 92080422473 a prime number?
False
Is 1056757531 a composite number?
False
Is 646028377 prime?
True
Is 22983870229 a prime number?
True
Is 626575021 a composite number?
False
Is 28047182099 a prime number?
True
Is 4233521 a prime number?
True
Is 617813593 a prime number?
False
Is 8455901621 prime?
True
Is 72795071009 a prime number?
False
Is 7900222469 a composite number?
True
Is 790661581 a composite number?
True
Is 95087861753 a prime number?
False
Is 64997187335 prime?
False
Is 24513154201 composite?
False
Is 8032482433 composite?
False
Is 205389263111 prime?
True
Is 1016482517 a prime number?
True
Is 7435614079 a prime number?
True
Is 73989913997 prime?
True
Is 444069719 a composite number?
True
Is 218568068065 a prime number?
False
Is 3547347451 a composite number?
False
Is 25037190721 a composite number?
False
Is 5156425973 a prime number?
True
Is 5303633 a prime number?
True
Is 4350710391 a prime number?
False
Is 776085481 composite?
True
Is 30122651437 a prime number?
True
Is 832161347 composite?
False
Is 9187000387 a prime number?
False
Is 14945605993 prime?
True
Is 16509171061 composite?
False
Is 7204002823 prime?
False
Is 205852143571 composite?
False
Is 24086132891 composite?
True
Is 288616217 composite?
True
Is 136156313 prime?
False
Is 67835041 composite?
False
Is 16735985381 composite?
True
Is 106143227 a composite number?
True
Is 4008520517 a prime number?
True
Is 89544881 prime?
False
Is 1185400141 a prime number?
False
Is 32320289189 prime?
False
Is 117664669 a composite number?
True
Is 121645413577 a prime number?
True
Is 207545627 composite?
True
Is 137435443 a composite number?
False
Is 76656228511 a composite number?
False
Is 563029331 prime?
True
Is 146171813 a composite number?
True
Is 6087376187 a prime number?
False
Is 16564803418 a composite number?
True
Is 4749304801 composite?
False
Is 3982480609 a prime number?
False
Is 3992028523 a composite number?
True
Is 411503039 prime?
True
Is 33307355897 prime?
True
Is 57103055 composite?
True
Is 7616129882 a composite number?
True
Is 169749121 prime?
False
Is 10146689537 a composite number?
True
Is 909942679 a prime number?
False
Is 9110584109 prime?
False
Is 73130293 prime?
True
Is 503067323 prime?
False
Is 441758458 composite?
True
Is 47183503 composite?
False
Is 55410509095 prime?
False
Is 5330988079 composite?
True
Is 5704780447 composite?
False
Is 501226463 prime?
True
Is 382922151 composite?
True
Is 9793549849 prime?
True
Is 5565241579 composite?
False
Is 10419019601 composite?
False
Is 1095031283 composite?
False
Is 3254109097 a prime number?
True
Is 1853151367 composite?
False
Is 425163657 a prime number?
False
Is 534782939 prime?
False
Is 18768392283 prime?
False
Is 423028841 prime?
True
Is 42596380501 a prime number?
False
Is 1127322851 a composite number?
True
Is 2418461557 prime?
False
Is 940637927 prime?
True
Is 75012667 a prime number?
True
Is 2014319353 a prime number?
True
Is 16729928777 a composite number?
False
Is 758747309 composite?
True
Is 132218747 composite?
False
Is 2511187109 prime?
False
Is 558080815 a composite number?
True
Is 10362770686 a prime number?
False
Is 27943090741 prime?
True
Is 113131914097 composite?
True
Is 5444194199 prime?
True
Is 2821179367 a composite number?
True
Is 48472979063 composite?
True
Is 905492087 a composite number?
False
Is 9790041043 a prime number?
True
Is 401065571 a composite number?
True
Is 118194133 a composite number?
True
Is 5227058437 a composite number?
True
Is 1800336647 a composite number?
False
Is 23903595977 prime?
False
Is 96731161 prime?
True
Is 1358834359 composite?
False
Is 6841828849 a prime number?
True
Is 1469668391 composite?
False
Is 1059896611 prime?
False
Is 19627770263 prime?
False
Is 9442328761 prime?
True
Is 179295101 composite?
False
Is 1075930981 prime?
False
Is 1955245277 a prime number?
True
Is 561943181 prime?
False
Is 66084421423 prime?
True
Is 1907449535 prime?
False
Is 1095403811 prime?
True
Is 7021031099 a composite number?
True
Is 35755306 a prime number?
False
Is 1493298571 composite?
False
Is 27852967477 a composite number?
False
Is 14789180603 composite?
False
Is 346797247 a prime number?
False
Is 5424300397 a prime number?
False
Is 13219930421 prime?
True
Is 2716560703 a composite number?
True
Is 1856855303 prime?
True
Is 9060607693 prime?
False
Is 21992484903 a prime number?
False
Is 2061157457 a prime number?
False
Is 2883143 composite?
False
Is 1363484207 prime?
True
Is 62451776953 prime?
False
Is 574844141 prime?
True
Is 613937971 prime?
True
Is 43030274879 composite?
False
Is 4705279759 a composite number?
False
Is 3003809737 prime?
True
Is 7002225647 composite?
True
Is 178034903 a composite number?
True
Is 11668546535 composite?
True
Is 1435178869 prime?
True
Is 155157303833 a composite number?
True
Is 6309494629 a prime number?
False
Is 7924521613 a composite number?
False
Is 1720543387 prime?
True
Is 5519622191 a composite number?
False
Is 6560186827 prime?
False
Is 761864089 prime?
False
Is 388693801 composite?
False
Is 665164693 composite?
False
Is 29798834503 a prime number?
True
Is 89257034807 a prime number?
False
Is 670757053 a prime number?
False
Is 2494371443 a composite number?
True
Is 4476215327 composite?
False
Is 16266824482 prime?
False
Is 4460549 prime?
True
Is 21608892077 prime?
True
Is 1705915199 a prime number?
True
Is 5966448907 prime?
True
Is 2402760721 composite?
False
Is 3634921867 composite?
False
Is 4087999823 a composite number?
False
Is 2220707299 a composite number?
False
Is 18489711197 composite?
False
Is 20135759981 composite?
True
Is 2308345517 composite?
True
Is 110557787 prime?
False
Is 8333510362 a prime number?
False
Is 15379179917 a prime number?
True
Is 551249813 composite?
True
Is 39497428183 a prime number?
False
Is 245391563 composite?
True
Is 999004301 a prime number?
True
Is 5819663137 a composite number?
False
Is 41527198193 prime?
False
Is 11699126819 a prime number?
True
Is 157579461